e w(0). Let n be (9/2)/((-1)/(-10)). Suppose v - t = n. Calculate the highest common divisor of v and 22.
11
Suppose 1 = 4*t - 3. Calculate the greatest common factor of t and 6.
1
Suppose 2*o = 3*a - 7, 4*o + o = 3*a - 4. Let j = 6 - a. Calculate the highest common divisor of j and 27.
3
Let q(v) be the second derivative of -v**5/20 - 3*v**4/4 - v**3 - v**2 + 4*v. Let n be q(-9). Calculate the highest common factor of 13 and n.
13
Let t = -1 - -1. Suppose i + 2 = 2*x, t = i + i - 3*x + 6. Let r = 8 + i. Calculate the highest common factor of 8 and r.
2
Let r be 0 + -1 + 2 + 7. Let w = 175 - 135. Calculate the greatest common divisor of r and w.
8
Let q(v) = -4*v**3 + v**2 + v + 1. Let u be q(-1). Suppose 5*f = -2*k + 146, 4*f - 75 = -k + 43. Calculate the highest common factor of u and f.
5
Let s = -6 - -28. What is the highest common factor of s and 176?
22
Suppose -4*w + 16 = 0, -104 = -4*v - 3*w - w. Calculate the greatest common divisor of 242 and v.
22
Let a(f) = 5*f + 6. Let n be a(10). Calculate the highest common divisor of 14 and n.
14
Let c be ((-3)/(-2))/((-3)/(-6)). Suppose -n = -p + c, -4*p + 4*n + 17 = p. Suppose -s + 3*s = 70. What is the greatest common divisor of p and s?
5
Suppose 0 = -2*i + 2*b + 112, 0 = -2*i + 3*i + 3*b - 48. Calculate the highest common factor of 540 and i.
54
Let o = -31 - -63. Suppose 2*w = 3*n - 4, 2*w + w = -5*n + o. Calculate the highest common factor of w and 12.
4
Suppose -4*g + 0*g = -28. What is the highest common divisor of 7 and g?
7
Suppose -4*h + 5*n + 48 = 0, 3*n - 36 = -3*h + n. What is the highest common factor of h and 30?
6
Let b be (2/3)/(8/(-36)). Let x be b + 92/2 + -1. Let j = -19 - -33. Calculate the highest common factor of j and x.
14
Let a = -2 + 20. Calculate the highest common factor of a and 12.
6
Let q(i) = -2*i**3 - i. Let j be q(-1). Suppose 3*n = -5*r + r + 88, j*n - 4*r = 128. What is the greatest common factor of n and 4?
4
Let t = -9 + 3. Let w be (-118)/t + 3/9. What is the greatest common factor of w and 140?
20
Let x(i) = 2*i + 3. Let g be x(7). Suppose -31 = -4*z + g. Suppose 0 = -2*q + 4, 3*f - 3*q - 18 = 0. What is the highest common divisor of z and f?
4
Suppose 3*k = 5*k - 22. What is the greatest common divisor of k and 99?
11
Let h be (-1)/(-2)*(-1 - -11). Let x = 0 + h. Calculate the highest common divisor of x and 35.
5
Let p = -15 + 41. Let z = p - 18. Calculate the greatest common divisor of 32 and z.
8
Let j = -1 + 51. What is the greatest common factor of j and 10?
10
Let r(q) = q**2 - 13*q + 47. Let n be r(17). What is the greatest common factor of 5 and n?
5
Let y = 16 - 2. Let m(b) be the first derivative of -7*b**2 + 2. Let r be m(-7). What is the greatest common factor of y and r?
14
Let t = -5 + 7. Suppose 3*x + t*p - 8 = 0, -8*x + 3*x + 5*p = -30. Let i = 5 - 1. What is the greatest common factor of x and i?
4
Suppose 0*j - 363 = -3*j. Calculate the greatest common factor of j and 11.
11
Let u(k) = 5*k - 5. Let d be u(13). Suppose 3*l + 0 = d. What is the highest common factor of l and 10?
10
Let t(h) be the third derivative of h**4/6 + 7*h**3/6 + 2*h**2. Let d be t(-7). Let z = 70 - d. What is the highest common divisor of z and 13?
13
Suppose 3*a + 19 = -y + 47, -5*y = -a - 12. What is the greatest common factor of 72 and a?
8
Let p(l) be the first derivative of -l**4/4 + 8*l**3/3 + l**2/2 + 6*l + 1. Let o = 61 + -53. Let i be p(o). What is the highest common divisor of 56 and i?
14
Suppose 0 = 5*j - 15 - 20. Let y(n) = j + 2*n**2 - 4*n - n - 3*n**2. Let i be y(-5). Calculate the highest common factor of i and 14.
7
Let g = -32 - -74. Suppose 0*l + n + 45 = 3*l, 3*l - 2*n = g. Suppose l = a + a. What is the highest common divisor of a and 4?
4
Suppose q + 3*q - 280 = 3*a, a + 70 = q. Let h be 7 - (18/(-2))/3. What is the greatest common factor of q and h?
10
Suppose 5*f + 5 = 0, 3*t + 29 = 8*t + f. Calculate the highest common factor of t and 3.
3
Let d be (1 - -2)/(-3) - -7. What is the highest common factor of d and 6?
6
Let r = 318 - 174. Calculate the greatest common divisor of 18 and r.
18
Let x be ((-2)/3)/(6/(-9)). Let q be (-22)/(-10) - x/5. Let c be (-2)/(-4) + 95/q. Calculate the greatest common factor of 12 and c.
12
Let o be 176/(-6) + (-4)/6. Let p be (o/25)/(1/(-30)). Calculate the highest common divisor of p and 18.
18
Let t = 80 - -20. Suppose 355 = 5*f - t. Calculate the highest common divisor of f and 13.
13
Let w = -8 + 15. Suppose 0 = -4*t - g + 20, t - 4*t + 15 = -5*g. Let i be 14*(-1)/(-2)*t. Calculate the highest common factor of i and w.
7
Suppose 15 = 3*x + 3*l, -l + 11 = 3*x + 4*l. Let w = -6 + x. What is the greatest common divisor of w and 7?
1
Let u be ((408/(-20))/3)/(4/(-10)). Let k be 1/(-2 + (-103)/(-51)). Calculate the highest common factor of k and u.
17
Let f = 208 + -180. Let d be 2*(1 - (-1 - 0)). What is the highest common divisor of f and d?
4
Let w(q) = 7*q - 68. Let s be w(12). Calculate the highest common factor of s and 1.
1
Let x = -146 + 206. Suppose -15 - 55 = 5*v. Let p be 1 + (-2 - (1 + v)). Calculate the highest common divisor of x and p.
12
Let l(r) = r**3 + 5*r**2 + r + 7. Let q be l(-5). Suppose -12 = -q*p - 2. What is the greatest common divisor of 1 and p?
1
Suppose -t - 6 = -2*t. Suppose t = -4*p + p. Let n(b) = -51*b. Let f be n(p). Calculate the greatest common divisor of f and 17.
17
Let r(s) = s**3 + s - 1. Let a be r(3). Suppose 11*n + 63 = 4*n. Let y = a + n. Calculate the greatest common factor of y and 10.
10
Let i(b) = -b**2 + 12. Let h(t) = 2*t**2. Let v be h(2). Suppose -v*z = -3*z. Let w be i(z). What is the highest common factor of w and 12?
12
Suppose -25 = -5*x, -x = -v + 3*v - 3. Let m be (v/(-3))/((-4)/(-12)). Let g be m + -3*(-20 - -2). What is the highest common factor of 22 and g?
11
Let w(n) = n**2 + 6*n. Let r be w(-7). Let z(k) = k**2 - 9*k - 4. Let v be z(r). Let o be 1/((-1)/3) - v. What is the highest common factor of o and 120?
15
Suppose 0 = -c - c + 242. Let l(f) = -10*f**3 + 2*f**2 + 2*f + 1. Let h be l(-1). Calculate the highest common factor of h and c.
11
Suppose 0 = -5*g + 4*g. Let h(w) = -w + 3. Let a be h(g). Suppose l = -a*l + 16. What is the highest common divisor of l and 20?
4
Suppose 0*i = 2*i - 12. Let n = -2 + i. What is the greatest common divisor of 28 and n?
4
Let m be (-1)/5 + (-3246)/(-30). Suppose -5*z + m = -177. Calculate the greatest common factor of z and 19.
19
Suppose -141 + 161 = 5*y. What is the greatest common divisor of y and 88?
4
Let w(n) = 23*n - 132 + 132. Let t be w(1). Calculate the greatest common divisor of t and 161.
23
Let q be -2*(-7 - -1 - -2). Let y be (-18 - 3)*(-1 - 2). Let z = -39 + y. Calculate the highest common factor of q and z.
8
Let z be 3*(1 + (-4 + 4)/1). Calculate the highest common factor of 27 and z.
3
Let t be (-2)/6 - (-5)/15. Suppose 2*s - 56 = -t*s. What is the highest common factor of s and 4?
4
Let t(m) = -15*m**3 + 2*m**2 + 3*m + 2. Let v be t(-1). Calculate the greatest common factor of v and 112.
16
Suppose a + 0*a - 3 = 0. Suppose -a*j - 152 = -5*j. What is the highest common divisor of 19 and j?
19
Let q be (1 - 7) + (-2 - -1). Let u be 1/(-2)*(-3 + q). Suppose u*i = 4*a - 34, -2*a - 4*i = -7*a + 38. Calculate the highest common factor of a and 30.
6
Suppose 0*s = 4*s - 3*g - 121, -3*s - 3*g = -96. Calculate the greatest common divisor of 62 and s.
31
Let b be ((-27)/12)/((-9)/48). Let z be (8/(-3))/(b/(-90)). Calculate the greatest common factor of 8 and z.
4
Let r = 1 - -1. Suppose 4*h - 10 - 22 = 0. What is the greatest common divisor of h and r?
2
Let a(c) = -c**3 + 5*c**2 + 7*c - 4. Let q be a(6). Suppose 0*l + q*l - 145 = -5*y, 2*y + 348 = 5*l. What is the greatest common factor of 28 and l?
14
Suppose -c = 5*h + 4*c, 3*h = -c + 6. Suppose 2*y - 1 - h = 0. Suppose y*l = -3*l + 255. What is the greatest common divisor of l and 34?
17
Let q(j) = -j + 3. Let i be q(-6). Let f(y) = -2*y - 29. Let z be f(-16). Calculate the highest common divisor of i and z.
3
Let m = -3 + 6. Suppose 3*i = -0 + m. Let x be (21 + i + 0)*2. Calculate the greatest common factor of x and 11.
11
Let m(v) = v**2 + 5*v - 6. Let o be m(3). Let l = 23 - 14. What is the greatest common factor of l and o?
9
Let j be